{"id":8524,"date":"2025-11-05T10:54:04","date_gmt":"2025-11-05T09:54:04","guid":{"rendered":"https:\/\/www.visitripatransone.it\/?post_type=mec-events&#038;p=8524"},"modified":"2025-11-10T10:28:01","modified_gmt":"2025-11-10T09:28:01","slug":"marchestorie-poesia-di-teatri-a-ripatransone-tra-vino-storie-medievali-e-poesia","status":"publish","type":"mec-events","link":"https:\/\/www.visitripatransone.it\/en\/manifestazioni\/marchestorie-poesia-di-teatri-a-ripatransone-tra-vino-storie-medievali-e-poesia\/","title":{"rendered":"Marchestorie: Poesia di Teatri a Ripatransone con &#8220;Radici di Terra. Voci, riti e storie delle colline marchigiane&#8221;"},"content":{"rendered":"<p><b>&#8220;Marchestorie: Poesia di Teatri&#8221; con &#8220;Radici di Terra. Voci, riti e storie delle colline marchigiane&#8221; in rete con con Petritoli (FM), Moresco(FM), Montefiore dell&#8217;Aso(AP) <\/b>, una rassegna dedicata alla cultura e alle tradizioni, arriva a Ripatransone <b>dal 14 al 16 novembre 2025<\/b>. Un weekend di immersione nella storia medievale, nella poesia e nelle eccellenze enogastronomiche locali, per raccontare l&#8217;identit\u00e0 del nostro territorio.<\/p>\n<h3>\u00a0 \u00a0 <img decoding=\"async\" class=\"alignnone wp-image-8529\" src=\"https:\/\/www.visitripatransone.it\/wp-content\/uploads\/2025\/11\/programma-completo-Radici-di-Terra-Ripatransone-Manifesto-210x300.jpg\" alt=\"\" width=\"715\" height=\"1021\" srcset=\"https:\/\/www.visitripatransone.it\/wp-content\/uploads\/2025\/11\/programma-completo-Radici-di-Terra-Ripatransone-Manifesto-8x12.jpg 8w, https:\/\/www.visitripatransone.it\/wp-content\/uploads\/2025\/11\/programma-completo-Radici-di-Terra-Ripatransone-Manifesto-84x120.jpg 84w, https:\/\/www.visitripatransone.it\/wp-content\/uploads\/2025\/11\/programma-completo-Radici-di-Terra-Ripatransone-Manifesto-105x150.jpg 105w, https:\/\/www.visitripatransone.it\/wp-content\/uploads\/2025\/11\/programma-completo-Radici-di-Terra-Ripatransone-Manifesto-200x286.jpg 200w, https:\/\/www.visitripatransone.it\/wp-content\/uploads\/2025\/11\/programma-completo-Radici-di-Terra-Ripatransone-Manifesto-210x300.jpg 210w, https:\/\/www.visitripatransone.it\/wp-content\/uploads\/2025\/11\/programma-completo-Radici-di-Terra-Ripatransone-Manifesto-400x571.jpg 400w, https:\/\/www.visitripatransone.it\/wp-content\/uploads\/2025\/11\/programma-completo-Radici-di-Terra-Ripatransone-Manifesto-600x857.jpg 600w, https:\/\/www.visitripatransone.it\/wp-content\/uploads\/2025\/11\/programma-completo-Radici-di-Terra-Ripatransone-Manifesto-768x1097.jpg 768w, https:\/\/www.visitripatransone.it\/wp-content\/uploads\/2025\/11\/programma-completo-Radici-di-Terra-Ripatransone-Manifesto-800x1143.jpg 800w, https:\/\/www.visitripatransone.it\/wp-content\/uploads\/2025\/11\/programma-completo-Radici-di-Terra-Ripatransone-Manifesto-1075x1536.jpg 1075w\" sizes=\"(max-width: 715px) 100vw, 715px\" \/><\/h3>\n<h3><b>Programma completo d<\/b><b>al luned\u00ec 10 a domenica 16 Novembre<\/b><\/h3>\n<h4><b>Da luned\u00ec\u00a0<\/b><b>10 a domenica 16 novembre <\/b><\/h4>\n<ul>\n<li><b>Ore 10:00 &#8211; 20:00 &#8220;<\/b>Come eravamo, come siamo&#8221; presso Foyer Teatro Mercantini<\/li>\n<\/ul>\n<p>Mostra fotografica a cura di Paolo Bargoni, foto dei paesi della vallata dell\u2019Aso, persone, case, natura, campagne e borghi, tra memoria e attualit\u00e0.<\/p>\n<p>Podcast\/video \u201cLettera all\u2019America\u201d sul canale instagram @radiciditerrafestival Episodio IV. Quattro episodi per quattro Comuni, quattro storie diverse di marchigiani emigrati in America, Australia e in altre zone del mondo.<\/p>\n<p><b>Marted\u00ec 11 novembre <\/b><\/p>\n<ul>\n<li><b>Ore 17.30 \u2013 19.30 &#8220;<\/b>Nuovi Mondi&#8221; presso Auditorium Santa Caterina<\/li>\n<\/ul>\n<p>Corso di recitazione, basi teatrali e sperimentazione cinematografica, lettura espressiva e drammatizzata di poesie e racconti, approccio ai personaggi e ai loro mondi. Per adolescenti (14-18). A cura di Mirco Abbruzzetti Ore 20.30 &#8211; 23.30 Nuovi Mondi \/ adulti \/ location Auditorium Santa Caterina Corso di recitazione, basi teatrali e sperimentazione cinematografica, lettura espressiva e drammatizzata di poesie e racconti, approccio ai personaggi e ai loro mondi. Approfondimenti sule intenzioni e sui sentimenti. Piccola messa in scena. Per giovani-adulti under 35 (19-35, possibilit\u00e0 di inserire over 35 qualora ci fossero delle richieste). A cura di Mirco Abbruzzetti<\/p>\n<p><em>Info e prenotazioni: per passeggiate, visite al borgo musei tel responsabile Comune: 0735.99329 Per info, prenotazioni e corsi e altre attivit\u00e0 eventi tel a Mirco: 333 4517480.<\/em><\/p>\n<h4><b>Venerd\u00ec 14 novembre<\/b><\/h4>\n<ul>\n<li><b>Ore 10:00 alle 12:00:<\/b> &#8220;Versi diversi&#8221; <i>a cura di StrAlpiani Associazione Giovanile e Compagnia Lupo Innocente<\/i>\n<ul>\n<li>Incursioni con testi poetici riadattati dei poeti locali.<\/li>\n<li><i>Dove:<\/i> Scuole dell&#8217;Infanzia, Primaria e Secondaria dell&#8217;ISC.<\/li>\n<\/ul>\n<\/li>\n<\/ul>\n<h4><b>Sabato 15 novembre<\/b><\/h4>\n<ul>\n<li><b>Ore 10:00 alle 12:00:<\/b> INDIETRO NEL TEMPO <i>a cura del Comune<\/i>\n<ul>\n<li>Passeggiata per il museo della civilt\u00e0 contadina ed artigiana con racconti degli anni &#8217;40-&#8217;50 delle campagne marchigiane.<\/li>\n<li><i>Prenotazione:<\/i> 0735.99329<\/li>\n<li><i>Ritrovo:<\/i> in Piazza<\/li>\n<\/ul>\n<\/li>\n<li><b>Ore 15:00 alle 16:00:<\/b> &#8220;Versi de noiatri&#8221; <i>a cura di Gruppo Teatrale Nuovo Settemmezzo e Compagnia Lupo Innocente<\/i>\n<ul>\n<li>Incursioni poetiche e comiche, con filastrocche e poesie dialettali locali.<\/li>\n<li><i>Dove:<\/i> RSA, case del borgo, piazza, vicoli e attivit\u00e0 commerciali.<\/li>\n<\/ul>\n<\/li>\n<li><b>Ore 15:00 alle 17:00:<\/b> GARA CULINARIA: &#8220;Lu Ciammellettu&#8221;\n<ul>\n<li>Gli abitanti del paese si sfideranno per realizzare il ciambellone pi\u00f9 buono di Ripatransone. Al termine finale tra i territori dei Comuni Centrai.<\/li>\n<li><i>Dove:<\/i> Palazzo del Podest\u00e0<\/li>\n<\/ul>\n<\/li>\n<li><b>Ore 17:30:<\/b> TI RACCONTO UN LIBRO\n<ul>\n<li>&#8220;Uno spettacolo per pochi&#8221; di Valentina Eugeni.<\/li>\n<li>Lettura spettacolo sul romanzo che ha come protagonista Don Fausto, un prete tormentato dai ricordi e sensi di colpa che scappa da un piccolo paese di campagna per andare a Milano.<\/li>\n<li><i>Dove:<\/i> Sala Consiliare<\/li>\n<\/ul>\n<\/li>\n<li><b>Ore 18:15:<\/b> SPETTACOLO &#8220;Pierino e il Lupo&#8221; \u2013 Degrado Post Manageriale <i>con Mirco Abbruzzetti e Ensemble Melange D\u2019Ages<\/i>\n<ul>\n<li>Spettacolo teatrale e musicale ispirato alla favola sinfonica omonima, riadattato ironicamente con parti dedicate al mondo post-industriale. Adatto a bambini e adulti. Comico, frizzante con coinvolgimento del pubblico.<\/li>\n<li><i>Dove:<\/i> Teatro Mercantini<\/li>\n<\/ul>\n<\/li>\n<li><b>Ore 20:00:<\/b> SALUTI DI FINE FESTIVAL e cena libera presso i ristoranti locali che aderiscono al Festival.<\/li>\n<li><b>Ore 21:30:<\/b> POP-CORN\n<ul>\n<li><i>a cura di Santiago Fondevila Sancet,<\/i> in collaborazione con Andrea Cardarelli Cattedra del Cinema Metropolis. Dibattito e interviste a cura de &#8220;I soliti con\ufb01tti&#8221;. Proiezione dei cortometraggi del progetto &#8220;Purpur\u00ed&#8221; curato dal produttore, regista e attore Santiago Fondevila Sancet produttore del film &#8220;Armon\u00eda&#8221;. David de Bartolom\u00e9 \u00e8 il miglior film 2025 candidato italiano agli Oscar 2025 per la categoria miglior film internazionale.<\/li>\n<li><i>Dove:<\/i> Teatro Mercantini<\/li>\n<\/ul>\n<\/li>\n<\/ul>\n<h4><b>Domenica 16 novembre<\/b><\/h4>\n<ul>\n<li><b>Ore 8:30 alle 13:00:<\/b> PASSEGGIATA: &#8220;Ris copri Ripatransone&#8221; <i>a cura del Comune di Ripatransone<\/i>\n<ul>\n<li>Passeggiata per riscoprire l\u2019antico percorso che conduce alla Chiesa di Sant\u2019Egidio. Nel tragitto degustazione presso la Cantina Fontursia e racconti da parte delle guide AIGAE che condurr\u00e0 il gruppo.<\/li>\n<li><i>Prenotazione:<\/i> 328.7878183<\/li>\n<li><i>Ritrovo:<\/i> Piazza del Comune<\/li>\n<\/ul>\n<\/li>\n<li><b>Ore 14:00 alle 16:00:<\/b> ATELIER DI POESIA <i>a cura di Alessandro Pertosa.<\/i>\n<ul>\n<li>&#8220;Voci&#8221; \u2013 quarto incontro. Scrittura autobiogra\ufb01ca, poesia dell\u2019amore e del s\u00e9, per la voce del borgo.<\/li>\n<li><i>Dove:<\/i> Sala Consiliare<\/li>\n<\/ul>\n<\/li>\n<li><b>Ore 16:00:<\/b> RESTITUZIONE POETICA TEATRALE in collaborazione con Lupo Innocente.\n<ul>\n<li><i>Dove:<\/i> Sala Consiliare<\/li>\n<\/ul>\n<\/li>\n<\/ul>\n<p>&nbsp;<\/p>\n<p><em>Tutti gli eventi e spettacoli sono ad ingresso gratuito su prenotazione al 0735 99329.<\/em><\/p>","protected":false},"excerpt":{"rendered":"<p>Dal 14 al 16 Novembre, Ripatransone ospita &#8220;Marchestorie: Poesia di Teatri&#8221;, con mostre, passeggiate guidate, spettacoli teatrali, concorsi culinari e proiezioni cinematografiche. Ingresso gratuito su prenotazione.<\/p>","protected":false},"author":8,"featured_media":8532,"comment_status":"open","ping_status":"closed","template":"","tags":[],"mec_category":[],"class_list":["post-8524","mec-events","type-mec-events","status-publish","has-post-thumbnail","hentry"],"_links":{"self":[{"href":"https:\/\/www.visitripatransone.it\/en\/wp-json\/wp\/v2\/mec-events\/8524","targetHints":{"allow":["GET"]}}],"collection":[{"href":"https:\/\/www.visitripatransone.it\/en\/wp-json\/wp\/v2\/mec-events"}],"about":[{"href":"https:\/\/www.visitripatransone.it\/en\/wp-json\/wp\/v2\/types\/mec-events"}],"author":[{"embeddable":true,"href":"https:\/\/www.visitripatransone.it\/en\/wp-json\/wp\/v2\/users\/8"}],"replies":[{"embeddable":true,"href":"https:\/\/www.visitripatransone.it\/en\/wp-json\/wp\/v2\/comments?post=8524"}],"wp:featuredmedia":[{"embeddable":true,"href":"https:\/\/www.visitripatransone.it\/en\/wp-json\/wp\/v2\/media\/8532"}],"wp:attachment":[{"href":"https:\/\/www.visitripatransone.it\/en\/wp-json\/wp\/v2\/media?parent=8524"}],"wp:term":[{"taxonomy":"post_tag","embeddable":true,"href":"https:\/\/www.visitripatransone.it\/en\/wp-json\/wp\/v2\/tags?post=8524"},{"taxonomy":"mec_category","embeddable":true,"href":"https:\/\/www.visitripatransone.it\/en\/wp-json\/wp\/v2\/mec_category?post=8524"}],"curies":[{"name":"wp","href":"https:\/\/api.w.org\/{rel}","templated":true}]}}

<p><b>&#8220;Marchestorie: Poesia di Teatri&#8221; con &#8220;Radici di Terra. Voci, riti e storie delle colline marchigiane&#8221; in rete con con Petritoli (FM), Moresco(FM), Montefiore dell&#8217;Aso(AP) </b>, una rassegna dedicata alla cultura e alle tradizioni, arriva a Ripatransone <b>dal 14 al 16 novembre 2025</b>. Un weekend di immersione nella storia medievale, nella poesia e nelle eccellenze enogastronomiche locali, per raccontare l&#8217;identità del nostro territorio.</p>
<h3>    <img decoding="async" class="alignnone wp-image-8529" src="https://www.visitripatransone.it/wp-content/uploads/2025/11/programma-completo-Radici-di-Terra-Ripatransone-Manifesto-210x300.jpg" alt="" width="715" height="1021" srcset="https://www.visitripatransone.it/wp-content/uploads/2025/11/programma-completo-Radici-di-Terra-Ripatransone-Manifesto-8x12.jpg 8w, https://www.visitripatransone.it/wp-content/uploads/2025/11/programma-completo-Radici-di-Terra-Ripatransone-Manifesto-84x120.jpg 84w, https://www.visitripatransone.it/wp-content/uploads/2025/11/programma-completo-Radici-di-Terra-Ripatransone-Manifesto-105x150.jpg 105w, https://www.visitripatransone.it/wp-content/uploads/2025/11/programma-completo-Radici-di-Terra-Ripatransone-Manifesto-200x286.jpg 200w, https://www.visitripatransone.it/wp-content/uploads/2025/11/programma-completo-Radici-di-Terra-Ripatransone-Manifesto-210x300.jpg 210w, https://www.visitripatransone.it/wp-content/uploads/2025/11/programma-completo-Radici-di-Terra-Ripatransone-Manifesto-400x571.jpg 400w, https://www.visitripatransone.it/wp-content/uploads/2025/11/programma-completo-Radici-di-Terra-Ripatransone-Manifesto-600x857.jpg 600w, https://www.visitripatransone.it/wp-content/uploads/2025/11/programma-completo-Radici-di-Terra-Ripatransone-Manifesto-768x1097.jpg 768w, https://www.visitripatransone.it/wp-content/uploads/2025/11/programma-completo-Radici-di-Terra-Ripatransone-Manifesto-800x1143.jpg 800w, https://www.visitripatransone.it/wp-content/uploads/2025/11/programma-completo-Radici-di-Terra-Ripatransone-Manifesto-1075x1536.jpg 1075w" sizes="(max-width: 715px) 100vw, 715px" /></h3>
<h3><b>Programma completo d</b><b>al lunedì 10 a domenica 16 Novembre</b></h3>
<h4><b>Da lunedì </b><b>10 a domenica 16 novembre </b></h4>
<ul>
<li><b>Ore 10:00 &#8211; 20:00 &#8220;</b>Come eravamo, come siamo&#8221; presso Foyer Teatro Mercantini</li>
</ul>
<p>Mostra fotografica a cura di Paolo Bargoni, foto dei paesi della vallata dell’Aso, persone, case, natura, campagne e borghi, tra memoria e attualità.</p>
<p>Podcast/video “Lettera all’America” sul canale instagram @radiciditerrafestival Episodio IV. Quattro episodi per quattro Comuni, quattro storie diverse di marchigiani emigrati in America, Australia e in altre zone del mondo.</p>
<p><b>Martedì 11 novembre </b></p>
<ul>
<li><b>Ore 17.30 – 19.30 &#8220;</b>Nuovi Mondi&#8221; presso Auditorium Santa Caterina</li>
</ul>
<p>Corso di recitazione, basi teatrali e sperimentazione cinematografica, lettura espressiva e drammatizzata di poesie e racconti, approccio ai personaggi e ai loro mondi. Per adolescenti (14-18). A cura di Mirco Abbruzzetti Ore 20.30 &#8211; 23.30 Nuovi Mondi / adulti / location Auditorium Santa Caterina Corso di recitazione, basi teatrali e sperimentazione cinematografica, lettura espressiva e drammatizzata di poesie e racconti, approccio ai personaggi e ai loro mondi. Approfondimenti sule intenzioni e sui sentimenti. Piccola messa in scena. Per giovani-adulti under 35 (19-35, possibilità di inserire over 35 qualora ci fossero delle richieste). A cura di Mirco Abbruzzetti</p>
<p><em>Info e prenotazioni: per passeggiate, visite al borgo musei tel responsabile Comune: 0735.99329 Per info, prenotazioni e corsi e altre attività eventi tel a Mirco: 333 4517480.</em></p>
<h4><b>Venerdì 14 novembre</b></h4>
<ul>
<li><b>Ore 10:00 alle 12:00:</b> &#8220;Versi diversi&#8221; <i>a cura di StrAlpiani Associazione Giovanile e Compagnia Lupo Innocente</i>
<ul>
<li>Incursioni con testi poetici riadattati dei poeti locali.</li>
<li><i>Dove:</i> Scuole dell&#8217;Infanzia, Primaria e Secondaria dell&#8217;ISC.</li>
</ul>
</li>
</ul>
<h4><b>Sabato 15 novembre</b></h4>
<ul>
<li><b>Ore 10:00 alle 12:00:</b> INDIETRO NEL TEMPO <i>a cura del Comune</i>
<ul>
<li>Passeggiata per il museo della civiltà contadina ed artigiana con racconti degli anni &#8217;40-&#8217;50 delle campagne marchigiane.</li>
<li><i>Prenotazione:</i> 0735.99329</li>
<li><i>Ritrovo:</i> in Piazza</li>
</ul>
</li>
<li><b>Ore 15:00 alle 16:00:</b> &#8220;Versi de noiatri&#8221; <i>a cura di Gruppo Teatrale Nuovo Settemmezzo e Compagnia Lupo Innocente</i>
<ul>
<li>Incursioni poetiche e comiche, con filastrocche e poesie dialettali locali.</li>
<li><i>Dove:</i> RSA, case del borgo, piazza, vicoli e attività commerciali.</li>
</ul>
</li>
<li><b>Ore 15:00 alle 17:00:</b> GARA CULINARIA: &#8220;Lu Ciammellettu&#8221;
<ul>
<li>Gli abitanti del paese si sfideranno per realizzare il ciambellone più buono di Ripatransone. Al termine finale tra i territori dei Comuni Centrai.</li>
<li><i>Dove:</i> Palazzo del Podestà</li>
</ul>
</li>
<li><b>Ore 17:30:</b> TI RACCONTO UN LIBRO
<ul>
<li>&#8220;Uno spettacolo per pochi&#8221; di Valentina Eugeni.</li>
<li>Lettura spettacolo sul romanzo che ha come protagonista Don Fausto, un prete tormentato dai ricordi e sensi di colpa che scappa da un piccolo paese di campagna per andare a Milano.</li>
<li><i>Dove:</i> Sala Consiliare</li>
</ul>
</li>
<li><b>Ore 18:15:</b> SPETTACOLO &#8220;Pierino e il Lupo&#8221; – Degrado Post Manageriale <i>con Mirco Abbruzzetti e Ensemble Melange D’Ages</i>
<ul>
<li>Spettacolo teatrale e musicale ispirato alla favola sinfonica omonima, riadattato ironicamente con parti dedicate al mondo post-industriale. Adatto a bambini e adulti. Comico, frizzante con coinvolgimento del pubblico.</li>
<li><i>Dove:</i> Teatro Mercantini</li>
</ul>
</li>
<li><b>Ore 20:00:</b> SALUTI DI FINE FESTIVAL e cena libera presso i ristoranti locali che aderiscono al Festival.</li>
<li><b>Ore 21:30:</b> POP-CORN
<ul>
<li><i>a cura di Santiago Fondevila Sancet,</i> in collaborazione con Andrea Cardarelli Cattedra del Cinema Metropolis. Dibattito e interviste a cura de &#8220;I soliti conﬁtti&#8221;. Proiezione dei cortometraggi del progetto &#8220;Purpurí&#8221; curato dal produttore, regista e attore Santiago Fondevila Sancet produttore del film &#8220;Armonía&#8221;. David de Bartolomé è il miglior film 2025 candidato italiano agli Oscar 2025 per la categoria miglior film internazionale.</li>
<li><i>Dove:</i> Teatro Mercantini</li>
</ul>
</li>
</ul>
<h4><b>Domenica 16 novembre</b></h4>
<ul>
<li><b>Ore 8:30 alle 13:00:</b> PASSEGGIATA: &#8220;Ris copri Ripatransone&#8221; <i>a cura del Comune di Ripatransone</i>
<ul>
<li>Passeggiata per riscoprire l’antico percorso che conduce alla Chiesa di Sant’Egidio. Nel tragitto degustazione presso la Cantina Fontursia e racconti da parte delle guide AIGAE che condurrà il gruppo.</li>
<li><i>Prenotazione:</i> 328.7878183</li>
<li><i>Ritrovo:</i> Piazza del Comune</li>
</ul>
</li>
<li><b>Ore 14:00 alle 16:00:</b> ATELIER DI POESIA <i>a cura di Alessandro Pertosa.</i>
<ul>
<li>&#8220;Voci&#8221; – quarto incontro. Scrittura autobiograﬁca, poesia dell’amore e del sé, per la voce del borgo.</li>
<li><i>Dove:</i> Sala Consiliare</li>
</ul>
</li>
<li><b>Ore 16:00:</b> RESTITUZIONE POETICA TEATRALE in collaborazione con Lupo Innocente.
<ul>
<li><i>Dove:</i> Sala Consiliare</li>
</ul>
</li>
</ul>
<p>&nbsp;</p>
<p><em>Tutti gli eventi e spettacoli sono ad ingresso gratuito su prenotazione al 0735 99329.</em></p>
